{"id":5703,"date":"2024-11-07T11:30:49","date_gmt":"2024-11-07T11:30:49","guid":{"rendered":"https:\/\/cpisanjorge.catedu.es\/?page_id=5703"},"modified":"2024-11-07T11:35:12","modified_gmt":"2024-11-07T11:35:12","slug":"entradas-y-salidas","status":"publish","type":"page","link":"https:\/\/cpisanjorge.catedu.es\/?page_id=5703","title":{"rendered":"Entradas y Salidas"},"content":{"rendered":"\n<p><a href=\"https:\/\/educa.aragon.es\/calendario-escolar\" data-type=\"link\" data-id=\"https:\/\/educa.aragon.es\/calendario-escolar\">CALENDARIO ESCOLAR<\/a><\/p>\n\n\n\n<p class=\"has-luminous-vivid-amber-color has-text-color has-link-color has-medium-font-size wp-elements-1a6c6bde7b1011ab616884ff6af34a19\"><strong>HORARIOS DE CLASE<\/strong><\/p>\n\n\n\n<p><strong>JORNADA REDUCIDA<\/strong>, del 9 al 13 de septiembre y del 2 al 20 de junio.<\/p>\n\n\n\n<p class=\"has-text-align-center\">Clases de 9:00 a 13:00\u00a0<br \/>Comedor de 13:00 a 15:00\u00a0<\/p>\n\n\n\n<p><strong>JORNADA COMPLETA<\/strong>, del 16 de septiembre al 30 de mayo&nbsp;<\/p>\n\n\n\n<p class=\"has-text-align-center\">Clases de 9:00 a 14:00\u00a0<br \/>Comedor de 14:00 a 16:00 <em>(se puede salir a las 15h o a partir de las 15:45h<\/em>)\u00a0<\/p>\n\n\n\n<p class=\"has-luminous-vivid-amber-color has-text-color has-link-color has-medium-font-size wp-elements-6a5862c9470cc3d4b44d86edc128c764\"><strong>ENTRADAS Y SALIDAS<\/strong><\/p>\n\n\n\n<p>En Infantil y Primaria se utilizar\u00e1n 2 puertas:&nbsp;<\/p>\n\n\n\n<p>La puerta principal y la del parking se abrir\u00e1n a las 8:55.<\/p>\n\n\n\n<p>Por la <strong>puerta principal<\/strong> acceder\u00e1 el alumnado de <strong>Infantil, 1\u00ba y 2\u00ba de Primaria<\/strong>.<\/p>\n\n\n\n<p>Por la <strong>puerta del parking<\/strong> acceder\u00e1 el alumnado de <strong>3\u00ba a 6\u00ba de Primaria.<\/strong>&nbsp;<\/p>\n\n\n\n<p class=\"has-luminous-vivid-amber-color has-text-color has-link-color wp-elements-efe954078662d0de40c73974a9f425ee\">Ed. Infantil<\/p>\n\n\n\n<p>El alumnado de Infantil acompa\u00f1ado de sus familias acceder\u00e1 por la puerta principal y subir\u00e1 por el lado derecho de la rampa hasta las clases donde har\u00e1n la fila.&nbsp;<\/p>\n\n\n\n<p>Para salir, las tutoras entregar\u00e1n al alumnado en la puerta de su clase.&nbsp;<\/p>\n\n\n\n<p class=\"has-luminous-vivid-amber-color has-text-color has-link-color wp-elements-573b7517fa48526302fcc30796920b66\">1\u00ba y 2\u00ba de Primaria<\/p>\n\n\n\n<p>El alumnado de 1\u00ba de Primaria subir\u00e1 por el lado izquierdo de la rampa hasta el t\u00fanel.<\/p>\n\n\n\n<p>El alumnado de 2\u00ba puede elegir subir por las escaleras o por el lado izquierdo de la rampa, seg\u00fan el peso de sus mochilas.&nbsp;&nbsp;<\/p>\n\n\n\n<p>2\u00baA, 2\u00baB y 2\u00baC acceder\u00e1 a las aulas por el t\u00fanel.<\/p>\n\n\n\n<p>2\u00ba D acceder\u00e1 al edificio por el hall, subiendo al primer piso por la escalera de Secretar\u00eda.&nbsp;<\/p>\n\n\n\n<p class=\"has-luminous-vivid-amber-color has-text-color has-link-color wp-elements-db52d48da847d5be5ca4acf6e92eebb1\">3\u00ba, 4\u00ba, 5\u00ba y 6\u00ba de Primaria<\/p>\n\n\n\n<p>El alumnado de 3\u00ba, 4\u00ba, 5\u00ba y 6\u00ba de Primaria entrar\u00e1 por el parking hasta el patio \u201cLo que el viento se llev\u00f3\u201c.<\/p>\n\n\n\n<p class=\"has-luminous-vivid-amber-color has-text-color has-link-color wp-elements-d82943e93af2e45f803105d3a3849686\">3\u00ba de Primaria. <\/p>\n\n\n\n<p>El primer d\u00eda de clase las maestras de 3\u00ba recibir\u00e1n al alumnado en el porche.&nbsp;El resto de los d\u00edas subir\u00e1n por las escaleras y la rampa del fondo del recreo que dan acceso a la biblioteca para acceder a sus aulas.&nbsp;<\/p>\n\n\n\n<p class=\"has-luminous-vivid-amber-color has-text-color has-link-color wp-elements-322a387bac1836507be1354c98092296\">4\u00ba de Primaria <\/p>\n\n\n\n<p>Subir\u00e1 por las escaleras y la rampa que dan acceso a la biblioteca para aceder a sus aulas.&nbsp;<\/p>\n\n\n\n<p class=\"has-luminous-vivid-amber-color has-text-color has-link-color wp-elements-5dadfd4b796a8cddd7a92af9aa6fe46b\">5\u00ba de Primaria <\/p>\n\n\n\n<p>Entrar\u00e1 al hall y utilizar\u00e1 las escaleras del medio del pasillo para subir hasta la primera planta y acceder a sus aulas.<\/p>\n\n\n\n<p class=\"has-luminous-vivid-amber-color has-text-color has-link-color wp-elements-a01c50b002cc0c1478b88dfbba747086\">6\u00ba de Primaria <\/p>\n\n\n\n<p>Entrar\u00e1 al hall y utilizar\u00e1 las escaleras del medio del pasillo para subir a sus clases en la 2\u00aa planta.<\/p>\n\n\n\n<p class=\"has-luminous-vivid-amber-color has-text-color has-link-color wp-elements-d986dad878a7f898bead6cb00c90ac84\"><strong>SALIDAS DE ED. PRIMARIA<\/strong><\/p>\n\n\n\n<p>Para salir, el profesorado de Primaria entregar\u00e1 al alumnado en el patio. Las familias acceden por el parking hasta la zona del porche.<\/p>\n\n\n\n<p>El alumnado que se va solo a casa sale por la rampa del parking.&nbsp;<\/p>\n\n\n\n<p class=\"has-luminous-vivid-amber-color has-text-color has-link-color wp-elements-92576fc0bcf0428e655725ee67fdf6d0\"><strong>SALIDAS DEL COMEDOR <\/strong><\/p>\n\n\n\n<p>Hay dos turnos de salida, 15h o de 15:45 a 16h.<br \/>El acceso de las familias se realiza por el parking hasta la zona del porche.<br \/>El <strong>alumnado de Infantil<\/strong> ser\u00e1 entregado por las monitoras en el <strong>recreo peque\u00f1o junto al comedor<\/strong>, donde est\u00e1 el roc\u00f3dromo.<br \/>El <strong>alumnado de Primaria<\/strong> ser\u00e1 entregado por las monitoras en el <strong>porche de Primaria<\/strong> como en las salidas despu\u00e9s de clase.<\/p>\n\n\n\n<p>El alumnado que se va solo a casa saldr\u00e1 a partir de las 15:55h para evitar que se crucen con las familias que acceden al Centro.<\/p>\n\n\n\n<p class=\"has-luminous-vivid-amber-color has-text-color has-link-color wp-elements-4d86f74129f76a7e5350802f3074c220\"><strong>SALIDA DEL ESPACIO DE CONCILIA<\/strong><\/p>\n\n\n\n<p>La salida del alumnado que se queda a Ludomediod\u00edas (Concilia) lo har\u00e1 a las 14:30h por la puerta del patio de las banderas.&nbsp;<\/p>\n\n\n\n<p><\/p>\n","protected":false},"excerpt":{"rendered":"<p>CALENDARIO ESCOLAR HORARIOS DE CLASE JORNADA REDUCIDA, del 9 al 13 de septiembre y del 2 al 20 de junio. Clases de 9:00 a 13:00\u00a0Comedor de 13:00 a 15:00\u00a0 JORNADA COMPLETA, del 16 de septiembre al 30 de mayo&nbsp; Clases de 9:00 a 14:00\u00a0Comedor de 14:00 a 16:00 (se puede &#8230;<\/p>\n<p> <a class=\"continue-reading-link\" href=\"https:\/\/cpisanjorge.catedu.es\/?page_id=5703\"><span>Continue reading<\/span><i class=\"crycon-right-dir\"><\/i><\/a> <\/p>\n","protected":false},"author":580,"featured_media":0,"parent":0,"menu_order":0,"comment_status":"closed","ping_status":"closed","template":"","meta":{"_uag_custom_page_level_css":"","_monsterinsights_skip_tracking":false,"_monsterinsights_sitenote_active":false,"_monsterinsights_sitenote_note":"","_monsterinsights_sitenote_category":0,"footnotes":""},"class_list":["post-5703","page","type-page","status-publish","hentry"],"uagb_featured_image_src":{"full":false,"thumbnail":false,"medium":false,"medium_large":false,"large":false,"1536x1536":false,"2048x2048":false,"post-thumbnail":false,"header":false,"slider":false,"columns":false,"custom":false},"uagb_author_info":{"display_name":"CPI SAN JORGE ZARAGOZA","author_link":"https:\/\/cpisanjorge.catedu.es\/?author=580"},"uagb_comment_info":0,"uagb_excerpt":"CALENDARIO ESCOLAR HORARIOS DE CLASE JORNADA REDUCIDA, del 9 al 13 de septiembre y del 2 al 20 de junio. Clases de 9:00 a 13:00\u00a0Comedor de 13:00 a 15:00\u00a0 JORNADA COMPLETA, del 16 de septiembre al 30 de mayo&nbsp; Clases de 9:00 a 14:00\u00a0Comedor de 14:00 a 16:00 (se puede ... Continue reading","_links":{"self":[{"href":"https:\/\/cpisanjorge.catedu.es\/index.php?rest_route=\/wp\/v2\/pages\/5703","targetHints":{"allow":["GET"]}}],"collection":[{"href":"https:\/\/cpisanjorge.catedu.es\/index.php?rest_route=\/wp\/v2\/pages"}],"about":[{"href":"https:\/\/cpisanjorge.catedu.es\/index.php?rest_route=\/wp\/v2\/types\/page"}],"author":[{"embeddable":true,"href":"https:\/\/cpisanjorge.catedu.es\/index.php?rest_route=\/wp\/v2\/users\/580"}],"replies":[{"embeddable":true,"href":"https:\/\/cpisanjorge.catedu.es\/index.php?rest_route=%2Fwp%2Fv2%2Fcomments&post=5703"}],"version-history":[{"count":2,"href":"https:\/\/cpisanjorge.catedu.es\/index.php?rest_route=\/wp\/v2\/pages\/5703\/revisions"}],"predecessor-version":[{"id":7936,"href":"https:\/\/cpisanjorge.catedu.es\/index.php?rest_route=\/wp\/v2\/pages\/5703\/revisions\/7936"}],"wp:attachment":[{"href":"https:\/\/cpisanjorge.catedu.es\/index.php?rest_route=%2Fwp%2Fv2%2Fmedia&parent=5703"}],"curies":[{"name":"wp","href":"https:\/\/api.w.org\/{rel}","templated":true}]}}

<p><a href="https://educa.aragon.es/calendario-escolar" data-type="link" data-id="https://educa.aragon.es/calendario-escolar">CALENDARIO ESCOLAR</a></p>



<p class="has-luminous-vivid-amber-color has-text-color has-link-color has-medium-font-size wp-elements-1a6c6bde7b1011ab616884ff6af34a19"><strong>HORARIOS DE CLASE</strong></p>



<p><strong>JORNADA REDUCIDA</strong>, del 9 al 13 de septiembre y del 2 al 20 de junio.</p>



<p class="has-text-align-center">Clases de 9:00 a 13:00 <br />Comedor de 13:00 a 15:00 </p>



<p><strong>JORNADA COMPLETA</strong>, del 16 de septiembre al 30 de mayo&nbsp;</p>



<p class="has-text-align-center">Clases de 9:00 a 14:00 <br />Comedor de 14:00 a 16:00 <em>(se puede salir a las 15h o a partir de las 15:45h</em>) </p>



<p class="has-luminous-vivid-amber-color has-text-color has-link-color has-medium-font-size wp-elements-6a5862c9470cc3d4b44d86edc128c764"><strong>ENTRADAS Y SALIDAS</strong></p>



<p>En Infantil y Primaria se utilizarán 2 puertas:&nbsp;</p>



<p>La puerta principal y la del parking se abrirán a las 8:55.</p>



<p>Por la <strong>puerta principal</strong> accederá el alumnado de <strong>Infantil, 1º y 2º de Primaria</strong>.</p>



<p>Por la <strong>puerta del parking</strong> accederá el alumnado de <strong>3º a 6º de Primaria.</strong>&nbsp;</p>



<p class="has-luminous-vivid-amber-color has-text-color has-link-color wp-elements-efe954078662d0de40c73974a9f425ee">Ed. Infantil</p>



<p>El alumnado de Infantil acompañado de sus familias accederá por la puerta principal y subirá por el lado derecho de la rampa hasta las clases donde harán la fila.&nbsp;</p>



<p>Para salir, las tutoras entregarán al alumnado en la puerta de su clase.&nbsp;</p>



<p class="has-luminous-vivid-amber-color has-text-color has-link-color wp-elements-573b7517fa48526302fcc30796920b66">1º y 2º de Primaria</p>



<p>El alumnado de 1º de Primaria subirá por el lado izquierdo de la rampa hasta el túnel.</p>



<p>El alumnado de 2º puede elegir subir por las escaleras o por el lado izquierdo de la rampa, según el peso de sus mochilas.&nbsp;&nbsp;</p>



<p>2ºA, 2ºB y 2ºC accederá a las aulas por el túnel.</p>



<p>2º D accederá al edificio por el hall, subiendo al primer piso por la escalera de Secretaría.&nbsp;</p>



<p class="has-luminous-vivid-amber-color has-text-color has-link-color wp-elements-db52d48da847d5be5ca4acf6e92eebb1">3º, 4º, 5º y 6º de Primaria</p>



<p>El alumnado de 3º, 4º, 5º y 6º de Primaria entrará por el parking hasta el patio “Lo que el viento se llevó“.</p>



<p class="has-luminous-vivid-amber-color has-text-color has-link-color wp-elements-d82943e93af2e45f803105d3a3849686">3º de Primaria. </p>



<p>El primer día de clase las maestras de 3º recibirán al alumnado en el porche.&nbsp;El resto de los días subirán por las escaleras y la rampa del fondo del recreo que dan acceso a la biblioteca para acceder a sus aulas.&nbsp;</p>



<p class="has-luminous-vivid-amber-color has-text-color has-link-color wp-elements-322a387bac1836507be1354c98092296">4º de Primaria </p>



<p>Subirá por las escaleras y la rampa que dan acceso a la biblioteca para aceder a sus aulas.&nbsp;</p>



<p class="has-luminous-vivid-amber-color has-text-color has-link-color wp-elements-5dadfd4b796a8cddd7a92af9aa6fe46b">5º de Primaria </p>



<p>Entrará al hall y utilizará las escaleras del medio del pasillo para subir hasta la primera planta y acceder a sus aulas.</p>



<p class="has-luminous-vivid-amber-color has-text-color has-link-color wp-elements-a01c50b002cc0c1478b88dfbba747086">6º de Primaria </p>



<p>Entrará al hall y utilizará las escaleras del medio del pasillo para subir a sus clases en la 2ª planta.</p>



<p class="has-luminous-vivid-amber-color has-text-color has-link-color wp-elements-d986dad878a7f898bead6cb00c90ac84"><strong>SALIDAS DE ED. PRIMARIA</strong></p>



<p>Para salir, el profesorado de Primaria entregará al alumnado en el patio. Las familias acceden por el parking hasta la zona del porche.</p>



<p>El alumnado que se va solo a casa sale por la rampa del parking.&nbsp;</p>



<p class="has-luminous-vivid-amber-color has-text-color has-link-color wp-elements-92576fc0bcf0428e655725ee67fdf6d0"><strong>SALIDAS DEL COMEDOR </strong></p>



<p>Hay dos turnos de salida, 15h o de 15:45 a 16h.<br />El acceso de las familias se realiza por el parking hasta la zona del porche.<br />El <strong>alumnado de Infantil</strong> será entregado por las monitoras en el <strong>recreo pequeño junto al comedor</strong>, donde está el rocódromo.<br />El <strong>alumnado de Primaria</strong> será entregado por las monitoras en el <strong>porche de Primaria</strong> como en las salidas después de clase.</p>



<p>El alumnado que se va solo a casa saldrá a partir de las 15:55h para evitar que se crucen con las familias que acceden al Centro.</p>



<p class="has-luminous-vivid-amber-color has-text-color has-link-color wp-elements-4d86f74129f76a7e5350802f3074c220"><strong>SALIDA DEL ESPACIO DE CONCILIA</strong></p>



<p>La salida del alumnado que se queda a Ludomediodías (Concilia) lo hará a las 14:30h por la puerta del patio de las banderas.&nbsp;</p>



<p></p>
