{"id":1620,"date":"2022-01-05T08:30:00","date_gmt":"2022-01-05T08:30:00","guid":{"rendered":"http:\/\/cpisanjorge.catedu.es\/?page_id=1620"},"modified":"2022-02-12T14:10:07","modified_gmt":"2022-02-12T14:10:07","slug":"tareas-escolares","status":"publish","type":"page","link":"https:\/\/cpisanjorge.catedu.es\/?page_id=1620","title":{"rendered":"Tareas Escolares"},"content":{"rendered":"\n<p>La <a href=\"http:\/\/www.boa.aragon.es\/cgi-bin\/EBOA\/BRSCGI?CMD=VEROBJ&amp;MLKOB=1056142882525\">ORDEN ECD\/2146\/2018, de 28 de diciembre<\/a>, promovi\u00f3 que los centros educativos desarroll\u00e1semos <strong>un proceso de reflexi\u00f3n y debate en relaci\u00f3n a las tareas escolares.<\/strong>  <\/p>\n\n\n\n<blockquote class=\"wp-block-quote is-layout-flow wp-block-quote-is-layout-flow\"><p>La finalidad era permitir que las comunidades educativas de los centros sostenidos con fondos p\u00fablicos de la Comunidad Aut\u00f3noma de Arag\u00f3n desarrollasen un procedimiento para favorecer un mejor conocimiento en torno al tema de las tareas escolares y permitir alcanzar acuerdos. <\/p><\/blockquote>\n\n\n\n<div style=\"width: 100%;\"><div style=\"position: relative; padding-bottom: 56.25%; padding-top: 0; height: 0;\"><iframe loading=\"lazy\" frameborder=\"0\" width=\"1200px\" height=\"675px\" style=\"position: absolute; top: 0; left: 0; width: 100%; height: 100%;\" src=\"https:\/\/view.genial.ly\/5ca7c79ae092196c0eb2d279\" type=\"text\/html\" allowscriptaccess=\"always\" allowfullscreen=\"true\" scrolling=\"yes\" allownetworking=\"all\"><\/iframe> <\/div> <\/div>\n\n\n\n<p>Tras el per\u00edodo de reflexi\u00f3n, di\u00e1logo y debate, elaboramos nuestro <a href=\"https:\/\/cpisanjorge.catedu.es\/?page_id=3923\">Documento de Acuerdo de Tareas Escolares<\/a>.<\/p>\n","protected":false},"excerpt":{"rendered":"<p>La ORDEN ECD\/2146\/2018, de 28 de diciembre, promovi\u00f3 que los centros educativos desarroll\u00e1semos un proceso de reflexi\u00f3n y debate en relaci\u00f3n a las tareas escolares. La finalidad era permitir que las comunidades educativas de los centros sostenidos con fondos p\u00fablicos de la Comunidad Aut\u00f3noma de Arag\u00f3n desarrollasen un procedimiento para &#8230;<\/p>\n<p> <a class=\"continue-reading-link\" href=\"https:\/\/cpisanjorge.catedu.es\/?page_id=1620\"><span>Continue reading<\/span><i class=\"crycon-right-dir\"><\/i><\/a> <\/p>\n","protected":false},"author":580,"featured_media":0,"parent":0,"menu_order":0,"comment_status":"closed","ping_status":"closed","template":"","meta":{"_uag_custom_page_level_css":"","_monsterinsights_skip_tracking":false,"_monsterinsights_sitenote_active":false,"_monsterinsights_sitenote_note":"","_monsterinsights_sitenote_category":0,"footnotes":""},"class_list":["post-1620","page","type-page","status-publish","hentry"],"uagb_featured_image_src":{"full":false,"thumbnail":false,"medium":false,"medium_large":false,"large":false,"1536x1536":false,"2048x2048":false,"post-thumbnail":false,"header":false,"slider":false,"columns":false,"custom":false},"uagb_author_info":{"display_name":"CPI SAN JORGE ZARAGOZA","author_link":"https:\/\/cpisanjorge.catedu.es\/?author=580"},"uagb_comment_info":0,"uagb_excerpt":"La ORDEN ECD\/2146\/2018, de 28 de diciembre, promovi\u00f3 que los centros educativos desarroll\u00e1semos un proceso de reflexi\u00f3n y debate en relaci\u00f3n a las tareas escolares. La finalidad era permitir que las comunidades educativas de los centros sostenidos con fondos p\u00fablicos de la Comunidad Aut\u00f3noma de Arag\u00f3n desarrollasen un procedimiento para ... Continue reading","_links":{"self":[{"href":"https:\/\/cpisanjorge.catedu.es\/index.php?rest_route=\/wp\/v2\/pages\/1620","targetHints":{"allow":["GET"]}}],"collection":[{"href":"https:\/\/cpisanjorge.catedu.es\/index.php?rest_route=\/wp\/v2\/pages"}],"about":[{"href":"https:\/\/cpisanjorge.catedu.es\/index.php?rest_route=\/wp\/v2\/types\/page"}],"author":[{"embeddable":true,"href":"https:\/\/cpisanjorge.catedu.es\/index.php?rest_route=\/wp\/v2\/users\/580"}],"replies":[{"embeddable":true,"href":"https:\/\/cpisanjorge.catedu.es\/index.php?rest_route=%2Fwp%2Fv2%2Fcomments&post=1620"}],"version-history":[{"count":11,"href":"https:\/\/cpisanjorge.catedu.es\/index.php?rest_route=\/wp\/v2\/pages\/1620\/revisions"}],"predecessor-version":[{"id":4964,"href":"https:\/\/cpisanjorge.catedu.es\/index.php?rest_route=\/wp\/v2\/pages\/1620\/revisions\/4964"}],"wp:attachment":[{"href":"https:\/\/cpisanjorge.catedu.es\/index.php?rest_route=%2Fwp%2Fv2%2Fmedia&parent=1620"}],"curies":[{"name":"wp","href":"https:\/\/api.w.org\/{rel}","templated":true}]}}